of p?
3
Let l(b) = b**3 - b + 30. What are the prime factors of l(0)?
2, 3, 5
Suppose -3*n + 4*h = 7, -3*n - 4*h = -0*h - 25. Suppose 0 = -n*b + 4 + 17. What are the prime factors of b?
7
Suppose 7*k - 9*k + 4 = 0. Suppose -u + k*m = -59, -4*u + 291 = 4*m + 79. What are the prime factors of u?
5, 11
Let f(i) = i**3 - i + 2. Suppose 5*h - 10 = 5*q, 2*h + 5*q + 3 = -7. Let w be f(h). Suppose -15 - 15 = -w*v. What are the prime factors of v?
3, 5
Let z = -34 - -56. List the prime factors of z.
2, 11
Let p be 19/(-1) + 2 + 2. Let g(a) = a**2 + 13*a - 17. What are the prime factors of g(p)?
13
What are the prime factors of (5/1 - -114) + 1?
2, 3, 5
Let t(k) be the second derivative of -k**3/3 - 11*k**2/2 - 7*k. List the prime factors of t(-11).
11
Let r = -39 + 99. Suppose -4*g - r = -8*g. What are the prime factors of g?
3, 5
Let w = 11 + -10. List the prime factors of (23 + -3 - w) + -1.
2, 3
Suppose 5*w = -b + 63, 0*w + 4*b + 47 = 3*w. What are the prime factors of w?
13
Suppose k + m - 20 = 0, 70 = 5*k - 4*m + 3*m. Let a = k - 9. List the prime factors of a.
2, 3
Let q(d) be the first derivative of 2/3*d**3 + 1 + 0*d + 0*d**2. What are the prime factors of q(2)?
2
Let f be (2 - 0/1)*-18. Let t be f - (8/2)/2. What are the prime factors of (3/(-6))/(1/t)?
19
Suppose -c = -7 - 4. Suppose -c - 8 = -l. List the prime factors of l.
19
Suppose 0 = -2*l + 216 + 52. Suppose 49 = -5*k + l. Let w = -5 + k. What are the prime factors of w?
2, 3
List the prime factors of 1*(-3 - 123/(-12))*20.
5, 29
Suppose -4*s = o - 0*o - 461, -4*s + 3*o + 457 = 0. Suppose -5*a - 3*d = -s, -2*d = -3*a + a + 46. Let i = a - 13. List the prime factors of i.
2, 5
Let b = -88 - -40. List the prime factors of ((-15)/(-4))/((-9)/b).
2, 5
Let k be 3/(-15) + (-18)/(-15). Suppose 6 = i + k. Suppose 0 = 4*d - 11 - i. What are the prime factors of d?
2
Suppose 5*p - 521 = 189. List the prime factors of p.
2, 71
Suppose 0 = 5*n + 4*t - 305, -3*n = 5*t - 250 + 54. Let i(r) = r**2 - 3*r - 40. Let k be i(0). Let a = k + n. List the prime factors of a.
17
Let i be (-291)/(-4) - 1/(-4). Let v be (-3)/18 - i/(-6). List the prime factors of (v/9 - 1)*6.
2
Let o(p) = p**2 - p + 6. Let z be o(-5). Suppose 0 = -n - 1, -3*k + z = -3*n. List the prime factors of k.
11
List the prime factors of 12 + -1*(2 - 6).
2
Suppose -x - 2 = -2*x. Suppose 0 = x*h + w - 19, 0 = 5*h - 5*w - 17 - 23. List the prime factors of h.
3
Let y(m) = 0*m**2 + 2 + 0*m**2 - m + 2*m + 4*m**3. Let s be y(2). Suppose x = -3*x + s. What are the prime factors of x?
3
Let r(p) = p**2 - 4*p - 2. Let a be r(5). Suppose 0 = 3*b - 15 + a. Suppose -s + b = -2*w, 0 = -4*s - w + 6*w + 19. List the prime factors of s.
2, 3
Let j be 1/(-3) + 156/36. Suppose -p + 6*p + j*x = 75, 15 = p + 2*x. What are the prime factors of p?
3, 5
What are the prime factors of (-2*1)/4*(4 - 286)?
3, 47
Let g = -4 + 2. List the prime factors of -43*(4 + -7 - g).
43
Suppose 0*m + 2*m + 8 = 0. Let o = 3 - m. What are the prime factors of o?
7
Let c = 17 + 58. What are the prime factors of c?
3, 5
Suppose 0*o = -6*o + 462. List the prime factors of o.
7, 11
Let j be 0/(3/6*-2). Suppose j = 2*q + 4*u + 16, -4*u + 2 + 38 = -2*q. List the prime factors of (-144)/q + 6/(-21).
2, 5
What are the prime factors of 2 + 2*(-99)/(-6)?
5, 7
Let o(b) = -4*b + 3. List the prime factors of o(-6).
3
Suppose -2*p - 5*j = -25 + 8, 0 = 2*p + j + 3. Let k(z) = z**3 + 4*z**2 + z + 3. Let o be k(p). List the prime factors of 13 - o/(0 - 1).
2, 3
What are the prime factors of -1 + (826/12 - (-2)/12)?
2, 17
Let l = -3 + 5. List the prime factors of -2*(-1)/l*3.
3
Suppose 5*m + 3 = -2. Let q(h) = h**3 - 3*h**2 + 3*h - 1. Let s be q(2). Let o = s - m. What are the prime factors of o?
2
Let j be 0 - -2*228/(-8). Let d = -32 - j. List the prime factors of d.
5
Let y(l) = 2*l**2 + 5*l + 2. Let n be y(-3). Suppose -3*w + 13 = 4*c, 4*c - 27 = -w - 4*w. Let p = n + w. What are the prime factors of p?
2, 3
Suppose 0 = -u - v + 4 - 2, 3*v = -4*u + 9. Let i be (u/6)/(1/30). Let c = i + -8. What are the prime factors of c?
7
Suppose 0*n - n = 0. Suppose 5*m + 28 + 7 = n. List the prime factors of (-260)/(-28) - (-2)/m.
3
Let q = -5 - -9. Let h = 0 + q. List the prime factors of h.
2
Let t(f) = -f**2 - 6*f - 9. Let c be t(-4). Let y(i) = -i**3 + 7*i**2 - 5*i - 4. Let p be y(6). What are the prime factors of -2 + c + 18/p?
2, 3
Let l(k) be the first derivative of -k**2/2 + 2*k + 2. What are the prime factors of l(0)?
2
Let u(o) = -9*o + 14. What are the prime factors of u(-4)?
2, 5
Let h(r) = -r**2 - 5*r + 3. List the prime factors of h(-5).
3
Suppose -2*j + 144 + 328 = 0. List the prime factors of j.
2, 59
Suppose 0 = 3*l + 6*x - 4*x - 58, -2*x + 90 = 5*l. What are the prime factors of l?
2
Let r = 13 + 12. Let l be (-4)/(-5)*r/10. Suppose 12 = 2*q - t, -3*t + 2 = -l*t. List the prime factors of q.
7
Let c be 98/3 + (-10)/15. Suppose -2*g + 48 = 4*r - 0*r, 0 = -g - 4*r + c. List the prime factors of g.
2
Let p be (-2*1)/(1/(-12)). Suppose 0 = 2*y - 4*y + p. Suppose -w + y = 3*w. List the prime factors of w.
3
Let g(k) be the second derivative of -k**5/20 - 11*k**4/12 + k**3/6 + 7*k**2 - 3*k. Let a be g(-11). Suppose -a*x + 28 = -x. What are the prime factors of x?
2, 7
Suppose 2*j = -f + 17, 2*j = -3*f + 10 + 25. List the prime factors of f.
3
Let r(i) = 33*i**2 + 1. What are the prime factors of r(-1)?
2, 17
Suppose b - 15*b + 1736 = 0. What are the prime factors of b?
2, 31
Let a(d) = -d**3 + 5*d**2 + 7*d + 6. Suppose -3*s - 5*m + 40 = 0, 3*s + 4*m = 3*m + 20. Let u be s - 1*(-1)/1. What are the prime factors of a(u)?
2, 3
Let m(a) = 13*a - 6. List the prime factors of m(4).
2, 23
Let v(d) = 17*d**2 + 3*d - 6. What are the prime factors of v(2)?
2, 17
Let j(h) = -h**3 + 10*h**2 + 12*h + 7. What are the prime factors of j(11)?
2, 3
Let g(p) = -p**2 - 6*p - 3. Let h be g(-5). Suppose -h*k + 22 = 2*z, -5*z = -k - 3*z + 5. List the prime factors of k - (1/1 - -1).
7
Let h(u) = u**3 - 3*u**2 + 3*u - 3. Suppose 5*v + 7 = -4*g - 10, 0 = -5*g + 3*v + 25. Let w be h(g). List the prime factors of w - (-1 - (5 - -2)).
7
Suppose 0 = 4*w - 2*w - 54. Suppose d + d = -n + w, 5*n = d - 30. What are the prime factors of d/(-6)*24/(-15)?
2
Let f = 8 + -8. Suppose -65 = 2*j - 6*j + 3*c, -j - c + 11 = f. What are the prime factors of j?
2, 7
Let t(o) = o**3 + 7*o**2 - 7*o - 9. List the prime factors of t(-6).
3, 23
Suppose 3*f = -158 - 70. Suppose 0*t = -4*t - 24. What are the prime factors of f/t - (-2)/(-3)?
2, 3
Let u(w) = w**2 - 7*w + 2. Let m be u(7). Let b be 1116/16 - m/(-8). Suppose 3*l = -5*j + b, 4*j + l + 2*l = 59. What are the prime factors of j?
11
Let l = 25 + -14. What are the prime factors of l?
11
Suppose -2*o + 2*y = 3*y - 352, 5*y - 521 = -3*o. List the prime factors of o.
3, 59
Suppose -3*m - 1 + 109 = 0. Suppose -5*y = -3*x + m, -5*x + 3*y + 48 = 4. List the prime factors of x.
7
Let u(b) = b**3 - 4*b**2 - b - 6. Let o be u(6). Suppose 0 = a - 4 - 2. Suppose a*i - i = o. What are the prime factors of i?
2, 3
Let p(m) = -m - 12. Let b(s) = s**2 + 12*s + 15. Let a be b(-10). Let h be p(a). Let w(k) = -k**3 - 7*k**2 - 2*k - 4. List the prime factors of w(h).
2, 5
Let y(d) = d**2 - 4*d - 8. Let a be y(6). Suppose -3*j + 0*j - 1 = a*v, -j - 5*v - 4 = 0. Suppose -2*u + j = -13. List the prime factors of u.
7
Let u(x) = -x**2 - x + 3. Let z(r) = -r**2 - 2*r + 7. Let a(d) = -5*u(d) + 2*z(d). Let p be (-15)/(-9) + (-2)/3. What are the prime factors of a(p)?
3
Suppose w - 5*w = -2*c + 26, -c = w + 8. List the prime factors of (-2)/2 + 3 - w.
3
Let a(i) = i**2 + i. Let p be a(-2). Suppose -3*g + 3*z = -54, 6*g - p*g - z - 78 = 0. Suppose g = j + j. What are the prime factors of j?
2, 5
Suppose 0 = -2*q - 3*i - 13, -7*i = q - 2*i + 24. Let o(g) = 3*g + 1. What are the prime factors of o(q)?
2
Let s = 15 + 11. Suppose -10 = 4*x - s. What are the prime factors of x?
2
Let m = -1 - -2. List the prime factors of -2 - m*2*-7.
2, 3
Let i = 2 + -2. Suppose d - 4*d = 4*u - 42, i = 3*u + 3*d - 30. List the prime factors of u.
2, 3
Suppose m + 63 = 3*w, -4*w - 4*m - 72 = -7*w. List the prime factors of w.
2, 5
Let f(k) = 4*k**2 - 1. List the prime factors of f(5).
3, 11
Let n = -57 + 96. List the prime facto